{"id":931,"date":"2023-08-24T12:45:08","date_gmt":"2023-08-24T12:45:08","guid":{"rendered":"http:\/\/localhost\/primariadornesti\/?page_id=931"},"modified":"2024-05-23T12:56:53","modified_gmt":"2024-05-23T12:56:53","slug":"taxe-si-impozite","status":"publish","type":"page","link":"https:\/\/arhiva.primariaceahlau.ro\/?page_id=931","title":{"rendered":"Taxe \u0219i impozite"},"content":{"rendered":"\t\t<div data-elementor-type=\"wp-page\" data-elementor-id=\"931\" class=\"elementor elementor-931\">\n\t\t\t\t\t\t<section class=\"elementor-section elementor-top-section elementor-element elementor-element-1c607ca elementor-section-boxed elementor-section-height-default elementor-section-height-default\" data-id=\"1c607ca\" data-element_type=\"section\">\n\t\t\t\t\t\t<div class=\"elementor-container elementor-column-gap-default\">\n\t\t\t\t\t<div class=\"elementor-column elementor-col-100 elementor-top-column elementor-element elementor-element-aab4761\" data-id=\"aab4761\" data-element_type=\"column\">\n\t\t\t<div class=\"elementor-widget-wrap elementor-element-populated\">\n\t\t\t\t\t\t<div class=\"elementor-element elementor-element-cc4c40f elementor-widget elementor-widget-heading\" data-id=\"cc4c40f\" data-element_type=\"widget\" data-widget_type=\"heading.default\">\n\t\t\t\t<div class=\"elementor-widget-container\">\n\t\t\t\t\t<h3 class=\"elementor-heading-title elementor-size-default\">Taxe \u0219i impozite<\/h3>\t\t\t\t<\/div>\n\t\t\t\t<\/div>\n\t\t\t\t<div class=\"elementor-element elementor-element-c41e994 elementor-widget-divider--view-line elementor-widget elementor-widget-divider\" data-id=\"c41e994\" data-element_type=\"widget\" data-widget_type=\"divider.default\">\n\t\t\t\t<div class=\"elementor-widget-container\">\n\t\t\t\t\t\t\t<div class=\"elementor-divider\">\n\t\t\t<span class=\"elementor-divider-separator\">\n\t\t\t\t\t\t<\/span>\n\t\t<\/div>\n\t\t\t\t\t\t<\/div>\n\t\t\t\t<\/div>\n\t\t\t\t<div class=\"elementor-element elementor-element-aafd294 elementor-widget elementor-widget-text-editor\" data-id=\"aafd294\" data-element_type=\"widget\" data-widget_type=\"text-editor.default\">\n\t\t\t\t<div class=\"elementor-widget-container\">\n\t\t\t\t\t\t\t\t\t<h4>Responsabil :<\/h4><h4 style=\"padding-left: 120px;\">PAVEL GABRIELA<\/h4>\t\t\t\t\t\t\t\t<\/div>\n\t\t\t\t<\/div>\n\t\t\t\t<div class=\"elementor-element elementor-element-c982002 elementor-widget-divider--view-line elementor-widget elementor-widget-divider\" data-id=\"c982002\" data-element_type=\"widget\" data-widget_type=\"divider.default\">\n\t\t\t\t<div class=\"elementor-widget-container\">\n\t\t\t\t\t\t\t<div class=\"elementor-divider\">\n\t\t\t<span class=\"elementor-divider-separator\">\n\t\t\t\t\t\t<\/span>\n\t\t<\/div>\n\t\t\t\t\t\t<\/div>\n\t\t\t\t<\/div>\n\t\t\t\t\t<\/div>\n\t\t<\/div>\n\t\t\t\t\t<\/div>\n\t\t<\/section>\n\t\t\t\t<section class=\"elementor-section elementor-top-section elementor-element elementor-element-8555798 elementor-section-boxed elementor-section-height-default elementor-section-height-default\" data-id=\"8555798\" data-element_type=\"section\">\n\t\t\t\t\t\t<div class=\"elementor-container elementor-column-gap-default\">\n\t\t\t\t\t<div class=\"elementor-column elementor-col-100 elementor-top-column elementor-element elementor-element-5804b38\" data-id=\"5804b38\" data-element_type=\"column\">\n\t\t\t<div class=\"elementor-widget-wrap elementor-element-populated\">\n\t\t\t\t\t\t<div class=\"elementor-element elementor-element-d092ee8 elementor-widget elementor-widget-heading\" data-id=\"d092ee8\" data-element_type=\"widget\" data-widget_type=\"heading.default\">\n\t\t\t\t<div class=\"elementor-widget-container\">\n\t\t\t\t\t<h4 class=\"elementor-heading-title elementor-size-default\">Atribu\u021bii<\/h4>\t\t\t\t<\/div>\n\t\t\t\t<\/div>\n\t\t\t\t\t<\/div>\n\t\t<\/div>\n\t\t\t\t\t<\/div>\n\t\t<\/section>\n\t\t\t\t<section class=\"elementor-section elementor-top-section elementor-element elementor-element-bbb57a5 elementor-section-boxed elementor-section-height-default elementor-section-height-default\" data-id=\"bbb57a5\" data-element_type=\"section\">\n\t\t\t\t\t\t<div class=\"elementor-container elementor-column-gap-default\">\n\t\t\t\t\t<div class=\"elementor-column elementor-col-100 elementor-top-column elementor-element elementor-element-99a8000\" data-id=\"99a8000\" data-element_type=\"column\">\n\t\t\t<div class=\"elementor-widget-wrap elementor-element-populated\">\n\t\t\t\t\t\t<div class=\"elementor-element elementor-element-d4f399f elementor-tabs-view-horizontal elementor-widget elementor-widget-tabs\" data-id=\"d4f399f\" data-element_type=\"widget\" data-widget_type=\"tabs.default\">\n\t\t\t\t<div class=\"elementor-widget-container\">\n\t\t\t\t\t\t\t<div class=\"elementor-tabs\">\n\t\t\t<div class=\"elementor-tabs-wrapper\" role=\"tablist\" >\n\t\t\t\t\t\t\t\t\t<div id=\"elementor-tab-title-2231\" class=\"elementor-tab-title elementor-tab-desktop-title\" aria-selected=\"true\" data-tab=\"1\" role=\"tab\" tabindex=\"0\" aria-controls=\"elementor-tab-content-2231\" aria-expanded=\"false\">Referent Superior<\/div>\n\t\t\t\t\t\t\t\t\t<div id=\"elementor-tab-title-2232\" class=\"elementor-tab-title elementor-tab-desktop-title\" aria-selected=\"false\" data-tab=\"2\" role=\"tab\" tabindex=\"-1\" aria-controls=\"elementor-tab-content-2232\" aria-expanded=\"false\">Consilier superior<\/div>\n\t\t\t\t\t\t\t<\/div>\n\t\t\t<div class=\"elementor-tabs-content-wrapper\" role=\"tablist\" aria-orientation=\"vertical\">\n\t\t\t\t\t\t\t\t\t<div class=\"elementor-tab-title elementor-tab-mobile-title\" aria-selected=\"true\" data-tab=\"1\" role=\"tab\" tabindex=\"0\" aria-controls=\"elementor-tab-content-2231\" aria-expanded=\"false\">Referent Superior<\/div>\n\t\t\t\t\t<div id=\"elementor-tab-content-2231\" class=\"elementor-tab-content elementor-clearfix\" data-tab=\"1\" role=\"tabpanel\" aria-labelledby=\"elementor-tab-title-2231\" tabindex=\"0\" hidden=\"false\"><ul><li><div><div>Registrul de casa<\/div><\/div><\/li><li>Responsabil veterani de razboi<\/li><li><div><div>Depune si ridica din b\u0103nci numerar;<\/div><\/div><\/li><li><div><div>Executarea silit\u0103 \u00een cazul \u00een care mo\u0219tenirea nu este dezb\u0103tut\u0103<\/div><\/div><\/li><li><div><div>Executarea silita prin poprire<\/div><\/div><\/li><li><div><div>\u00cencaseaz\u0103 de la contribuabili impozitele, taxele si alte obliga\u0163ii ce revin acestora, emi\u0163\u00e2nd chitan\u0163ele pentru sumele \u00eencasate;<\/div><\/div><\/li><li><div><div>Urm\u0103rirea \u0219i executarea silit\u0103 a crean\u021belor<\/div><\/div><\/li><li><div><div>Emiterea \u0219i comunicarea soma\u021biei<\/div><\/div><\/li><li><div><div>Efectueaz\u0103 pl\u0103\u021bi salarii,indemniza\u021bii \u0219i alte drepturi \u00een condi\u021biile legii<\/div><\/div><\/li><\/ul><\/div>\n\t\t\t\t\t\t\t\t\t<div class=\"elementor-tab-title elementor-tab-mobile-title\" aria-selected=\"false\" data-tab=\"2\" role=\"tab\" tabindex=\"-1\" aria-controls=\"elementor-tab-content-2232\" aria-expanded=\"false\">Consilier superior<\/div>\n\t\t\t\t\t<div id=\"elementor-tab-content-2232\" class=\"elementor-tab-content elementor-clearfix\" data-tab=\"2\" role=\"tabpanel\" aria-labelledby=\"elementor-tab-title-2232\" tabindex=\"0\" hidden=\"hidden\"><ul><li><div><div>Comunicarea deciziei de impunere in urma inspectiei fiscale<\/div><\/div><\/li><li><div><div>Comunicarea deciziei de impunere in urma inspectiei fiscale partiale,<\/div><\/div><\/li><li><div><div>Depunerea, verificarea si urmarirea declaratiilor de impunere\/sc\u0103dere persoane fizice \u0219i juridice,<\/div><\/div><\/li><li><div><div>Efectuarea inspectiei fiscale,<\/div><\/div><\/li><li><div><div>Efectuare pla\u0163i salarii, indemnizatii si alte drepturi,<\/div><\/div><\/li><li><div><div>Efectueaz\u0103 pl\u0103\u0163i in condi\u0163iile legii,<\/div><\/div><\/li><li><div><div>Elaborarea si operationalizarea Planului anual de Control Fiscal,<\/div><\/div><\/li><li><div><div>Eliberarea certificatelor de atestare fiscal\u0103<\/div><\/div><\/li><li><div><div>Inscrierea in tabelul creditorilor,<\/div><\/div><\/li><li><div><div>Insolvabilitatea si raspunderea solidara<\/div><\/div><\/li><li><div><div>Intocmeste borderouri si borderouri centralizatoare privind sumele incasate,<\/div><\/div><\/li><li><div><div>Participa la arhivarea documentelor,<\/div><\/div><\/li><li><div><div>Prescrierea dreptului de a cere executarea silita<\/div><\/div><\/li><li><div><div>Responsabil cu serviciul Patrimven date privind patrimoniul si veniturile cet\u0103\u021benilor<\/div><\/div><\/li><li><div><div>Inregistrarea in evidentele fiscale a mijloacelor imobile<\/div><\/div><\/li><li><div><div>Inregistrarea mijloacelor de transport<\/div><\/div><\/li><li><div><div>Intocmirea, inregistrarea si operarea borderourilor de debitare scadere<\/div><\/div><\/li><li><div><div><div><div>Intocmirea, inregistrarea si operarea borderourilor de debitare scadere in urma inspectiei fiscale<\/div><\/div><\/div><\/div><\/li><li><div><div>Scoaterea din evidenta a mijloacelor de transport<\/div><\/div><\/li><li><div><div>Scoaterea din evidenta a mijloacelor imobile<\/div><\/div><\/li><li><div><div>Selectarea contribuabililor pentru inspectia fiscala<\/div><\/div><\/li><li><div><div>Stabilirea taxelor si impozitelor, a penalit\u0103\u021bilor de int\u00e2rziere, precum \u0219i a amenzilor persoane fizice \u0219i juridice<\/div><\/div><\/li><\/ul><\/div>\n\t\t\t\t\t\t\t<\/div>\n\t\t<\/div>\n\t\t\t\t\t\t<\/div>\n\t\t\t\t<\/div>\n\t\t\t\t\t<\/div>\n\t\t<\/div>\n\t\t\t\t\t<\/div>\n\t\t<\/section>\n\t\t\t\t<\/div>\n\t\t","protected":false},"excerpt":{"rendered":"<p>Taxe \u0219i impozite Responsabil : PAVEL GABRIELA Atribu\u021bii Referent Superior Consilier superior Referent Superior Registrul de casa Responsabil veterani de razboi Depune si ridica din b\u0103nci numerar; Executarea silit\u0103 \u00een cazul \u00een care mo\u0219tenirea nu este dezb\u0103tut\u0103 Executarea silita prin poprire \u00cencaseaz\u0103 de la contribuabili impozitele, taxele si alte obliga\u0163ii ce revin acestora, emi\u0163\u00e2nd chitan\u0163ele &hellip;<\/p>\n<p class=\"read-more\"> <a class=\"\" href=\"https:\/\/arhiva.primariaceahlau.ro\/?page_id=931\"> <span class=\"screen-reader-text\">Taxe \u0219i impozite<\/span> Read More &raquo;<\/a><\/p>\n","protected":false},"author":1,"featured_media":0,"parent":0,"menu_order":0,"comment_status":"closed","ping_status":"closed","template":"taxe_impozite.php","meta":{"site-sidebar-layout":"no-sidebar","site-content-layout":"page-builder","ast-site-content-layout":"default","site-content-style":"default","site-sidebar-style":"default","ast-global-header-display":"","ast-banner-title-visibility":"","ast-main-header-display":"","ast-hfb-above-header-display":"","ast-hfb-below-header-display":"","ast-hfb-mobile-header-display":"","site-post-title":"disabled","ast-breadcrumbs-content":"","ast-featured-img":"disabled","footer-sml-layout":"","theme-transparent-header-meta":"","adv-header-id-meta":"","stick-header-meta":"","header-above-stick-meta":"","header-main-stick-meta":"","header-below-stick-meta":"","astra-migrate-meta-layouts":"set","footnotes":""},"class_list":["post-931","page","type-page","status-publish","hentry"],"_links":{"self":[{"href":"https:\/\/arhiva.primariaceahlau.ro\/index.php?rest_route=\/wp\/v2\/pages\/931","targetHints":{"allow":["GET"]}}],"collection":[{"href":"https:\/\/arhiva.primariaceahlau.ro\/index.php?rest_route=\/wp\/v2\/pages"}],"about":[{"href":"https:\/\/arhiva.primariaceahlau.ro\/index.php?rest_route=\/wp\/v2\/types\/page"}],"author":[{"embeddable":true,"href":"https:\/\/arhiva.primariaceahlau.ro\/index.php?rest_route=\/wp\/v2\/users\/1"}],"replies":[{"embeddable":true,"href":"https:\/\/arhiva.primariaceahlau.ro\/index.php?rest_route=%2Fwp%2Fv2%2Fcomments&post=931"}],"version-history":[{"count":22,"href":"https:\/\/arhiva.primariaceahlau.ro\/index.php?rest_route=\/wp\/v2\/pages\/931\/revisions"}],"predecessor-version":[{"id":1682,"href":"https:\/\/arhiva.primariaceahlau.ro\/index.php?rest_route=\/wp\/v2\/pages\/931\/revisions\/1682"}],"wp:attachment":[{"href":"https:\/\/arhiva.primariaceahlau.ro\/index.php?rest_route=%2Fwp%2Fv2%2Fmedia&parent=931"}],"curies":[{"name":"wp","href":"https:\/\/api.w.org\/{rel}","templated":true}]}}