{"id":1753,"date":"2024-05-27T12:28:30","date_gmt":"2024-05-27T12:28:30","guid":{"rendered":"https:\/\/test.primariaceahlau.ro\/?page_id=1753"},"modified":"2024-05-27T12:37:01","modified_gmt":"2024-05-27T12:37:01","slug":"s-v-s-u","status":"publish","type":"page","link":"https:\/\/arhiva.primariaceahlau.ro\/?page_id=1753","title":{"rendered":"S.V.S.U."},"content":{"rendered":"\t\t<div data-elementor-type=\"wp-page\" data-elementor-id=\"1753\" class=\"elementor elementor-1753\">\n\t\t\t\t\t\t<section class=\"elementor-section elementor-top-section elementor-element elementor-element-4e61df7 elementor-section-boxed elementor-section-height-default elementor-section-height-default\" data-id=\"4e61df7\" data-element_type=\"section\">\n\t\t\t\t\t\t<div class=\"elementor-container elementor-column-gap-default\">\n\t\t\t\t\t<div class=\"elementor-column elementor-col-100 elementor-top-column elementor-element elementor-element-8e4261c\" data-id=\"8e4261c\" data-element_type=\"column\">\n\t\t\t<div class=\"elementor-widget-wrap elementor-element-populated\">\n\t\t\t\t\t\t<div class=\"elementor-element elementor-element-56466d2 elementor-widget elementor-widget-heading\" data-id=\"56466d2\" data-element_type=\"widget\" data-widget_type=\"heading.default\">\n\t\t\t\t<div class=\"elementor-widget-container\">\n\t\t\t\t\t<h3 class=\"elementor-heading-title elementor-size-default\">Serviciul voluntar pentru situa\u021bii de urgen\u021b\u0103<\/h3>\t\t\t\t<\/div>\n\t\t\t\t<\/div>\n\t\t\t\t<div class=\"elementor-element elementor-element-9aca328 elementor-widget-divider--view-line elementor-widget elementor-widget-divider\" data-id=\"9aca328\" data-element_type=\"widget\" data-widget_type=\"divider.default\">\n\t\t\t\t<div class=\"elementor-widget-container\">\n\t\t\t\t\t\t\t<div class=\"elementor-divider\">\n\t\t\t<span class=\"elementor-divider-separator\">\n\t\t\t\t\t\t<\/span>\n\t\t<\/div>\n\t\t\t\t\t\t<\/div>\n\t\t\t\t<\/div>\n\t\t\t\t<div class=\"elementor-element elementor-element-d31d6c3 elementor-widget elementor-widget-text-editor\" data-id=\"d31d6c3\" data-element_type=\"widget\" data-widget_type=\"text-editor.default\">\n\t\t\t\t<div class=\"elementor-widget-container\">\n\t\t\t\t\t\t\t\t\t<h4>Responsabil departament:<\/h4><h4 style=\"padding-left: 120px;\">URSU MIHAI<\/h4>\t\t\t\t\t\t\t\t<\/div>\n\t\t\t\t<\/div>\n\t\t\t\t<div class=\"elementor-element elementor-element-c63fc91 elementor-widget-divider--view-line elementor-widget elementor-widget-divider\" data-id=\"c63fc91\" data-element_type=\"widget\" data-widget_type=\"divider.default\">\n\t\t\t\t<div class=\"elementor-widget-container\">\n\t\t\t\t\t\t\t<div class=\"elementor-divider\">\n\t\t\t<span class=\"elementor-divider-separator\">\n\t\t\t\t\t\t<\/span>\n\t\t<\/div>\n\t\t\t\t\t\t<\/div>\n\t\t\t\t<\/div>\n\t\t\t\t\t<\/div>\n\t\t<\/div>\n\t\t\t\t\t<\/div>\n\t\t<\/section>\n\t\t\t\t<section class=\"elementor-section elementor-top-section elementor-element elementor-element-2bfe3f2 elementor-section-boxed elementor-section-height-default elementor-section-height-default\" data-id=\"2bfe3f2\" data-element_type=\"section\">\n\t\t\t\t\t\t<div class=\"elementor-container elementor-column-gap-default\">\n\t\t\t\t\t<div class=\"elementor-column elementor-col-100 elementor-top-column elementor-element elementor-element-21a2150\" data-id=\"21a2150\" data-element_type=\"column\">\n\t\t\t<div class=\"elementor-widget-wrap elementor-element-populated\">\n\t\t\t\t\t\t<div class=\"elementor-element elementor-element-c1a0f59 elementor-widget elementor-widget-heading\" data-id=\"c1a0f59\" data-element_type=\"widget\" data-widget_type=\"heading.default\">\n\t\t\t\t<div class=\"elementor-widget-container\">\n\t\t\t\t\t<h4 class=\"elementor-heading-title elementor-size-default\">Atribu\u021bii<\/h4>\t\t\t\t<\/div>\n\t\t\t\t<\/div>\n\t\t\t\t<div class=\"elementor-element elementor-element-5d49417 elementor-widget-divider--view-line elementor-widget elementor-widget-divider\" data-id=\"5d49417\" data-element_type=\"widget\" data-widget_type=\"divider.default\">\n\t\t\t\t<div class=\"elementor-widget-container\">\n\t\t\t\t\t\t\t<div class=\"elementor-divider\">\n\t\t\t<span class=\"elementor-divider-separator\">\n\t\t\t\t\t\t<\/span>\n\t\t<\/div>\n\t\t\t\t\t\t<\/div>\n\t\t\t\t<\/div>\n\t\t\t\t\t<\/div>\n\t\t<\/div>\n\t\t\t\t\t<\/div>\n\t\t<\/section>\n\t\t\t\t<section class=\"elementor-section elementor-top-section elementor-element elementor-element-ac20cc8 elementor-section-boxed elementor-section-height-default elementor-section-height-default\" data-id=\"ac20cc8\" data-element_type=\"section\">\n\t\t\t\t\t\t<div class=\"elementor-container elementor-column-gap-default\">\n\t\t\t\t\t<div class=\"elementor-column elementor-col-50 elementor-top-column elementor-element elementor-element-89af1d2\" data-id=\"89af1d2\" data-element_type=\"column\">\n\t\t\t<div class=\"elementor-widget-wrap elementor-element-populated\">\n\t\t\t\t\t\t<div class=\"elementor-element elementor-element-aac8971 elementor-widget elementor-widget-text-editor\" data-id=\"aac8971\" data-element_type=\"widget\" data-widget_type=\"text-editor.default\">\n\t\t\t\t<div class=\"elementor-widget-container\">\n\t\t\t\t\t\t\t\t\t<ul><li>Acordarea primului ajutor \u00een caz de urgent\u0103<\/li><li>Intocmeste , actualizeaz\u0103, p\u0103streaz\u0103 si pune in aplicare documentele operative de interventie si r\u0103spuns in cazul producerii situafiilor de urgen\u021b\u0103<\/li><li>Modul de interventie in situatii de urgenta<\/li><li>Particip\u0103 la activit\u0103tile de prevenire(controale, cursuri, instructaje, analize, consf\u0103tuiri, concursuri) organizate de Inspectoratul pentru Situafii de Urgent\u0103 Petrodava al judefului Neamf si la acfiunile intervenfie in zona de competenf\u0103<\/li><li>\u00a0R\u0103spunde de asigurarea m\u0103surilor de protectie a populafiei, bunurilor materiale, valorilor culturale si mediului inconjur\u0103tor impotriva efectelor negative ale situatiilor de urgenf\u0103, dezastrelor si conflictelor armate<\/li><li>Responsabil cu constatarea contravenfiile si a aplica sanctiunii persoanelor fizice si juridice<\/li><li>Responsabil in domeniul &#8220;c\u0103ini f\u0103r\u0103 st\u0103p\u0103n&#8221;\u00a0<\/li><li>Responsabil relatia cu Apele Romane<\/li><li>Verific\u0103 prin exercitii de alarmare viabilitatea, starea de operativitate si de interventie<\/li><li>Responsabil cu protectia civila la nivelul comunei Ceahlau<\/li><li>R\u0103spunde de protectia muncii a cet\u0103\u021benilor beneficiar\u0131 ai legii 416\/2001 si persoanelor care au de indeplinit ore in folosul comunit\u0103\u021bii.<\/li><\/ul>\t\t\t\t\t\t\t\t<\/div>\n\t\t\t\t<\/div>\n\t\t\t\t\t<\/div>\n\t\t<\/div>\n\t\t\t\t<div class=\"elementor-column elementor-col-50 elementor-top-column elementor-element elementor-element-d5fbd3e\" data-id=\"d5fbd3e\" data-element_type=\"column\">\n\t\t\t<div class=\"elementor-widget-wrap elementor-element-populated\">\n\t\t\t\t\t\t<div class=\"elementor-element elementor-element-0b548ae elementor-widget elementor-widget-text-editor\" data-id=\"0b548ae\" data-element_type=\"widget\" data-widget_type=\"text-editor.default\">\n\t\t\t\t<div class=\"elementor-widget-container\">\n\t\t\t\t\t\t\t\t\t<ul><li>Asigur\u0103 m\u0103surile organizatorice necesare privind instiinfarea \u0219i aducerea personalului voluntar pentru situatii de urgen\u021b\u0103<\/li><li>Intocmeste documenta\u021bii si situatii pe line de transmisiuni , alarmare, protectie N .B.C. deblocare &#8211; salvare, medical\u0103, sanitar veterinar\u0103, evacuare, logistic\u0103, dezastre, situa\u021bii de urgent\u0103, etc.<\/li><li>Organizarea ap\u0103r\u0103rii impotriva incendiilor<\/li><li>\u00a0Prezint\u0103 propuneri pentru introducerea in bugetul de venituri si cheltuieli a fondurilor necesare pentru inzestrarea formatiilor si realizarea m\u0103surilor de protectie civil\u0103 gi prevenire situatii de urgenta<\/li><li>Relatia cu Apele Romane<\/li><li>Relatia cu Apele Romane<\/li><li>Responsabil in domeniul verific\u0103rii transportului scolar in cadrul institutiei<\/li><li>Verific\u0103 men\u021binerea in permanen\u021b\u0103 a st\u0103rii de operativitate a echipamentelor si bunurilor din dotare<\/li><li>Accidentarea in cadrul locului de munc\u0103,<\/li><li>R\u0103spunde de modul de intocmire a orelor in folosul comunit\u0103\u021bii precum si de modul de indeplinire a obligatiilor beneficiarilor legii 416\/2001;<\/li><\/ul><div>\u00a0<\/div>\t\t\t\t\t\t\t\t<\/div>\n\t\t\t\t<\/div>\n\t\t\t\t\t<\/div>\n\t\t<\/div>\n\t\t\t\t\t<\/div>\n\t\t<\/section>\n\t\t\t\t<\/div>\n\t\t","protected":false},"excerpt":{"rendered":"<p>Serviciul voluntar pentru situa\u021bii de urgen\u021b\u0103 Responsabil departament: URSU MIHAI Atribu\u021bii Acordarea primului ajutor \u00een caz de urgent\u0103 Intocmeste , actualizeaz\u0103, p\u0103streaz\u0103 si pune in aplicare documentele operative de interventie si r\u0103spuns in cazul producerii situafiilor de urgen\u021b\u0103 Modul de interventie in situatii de urgenta Particip\u0103 la activit\u0103tile de prevenire(controale, cursuri, instructaje, analize, consf\u0103tuiri, concursuri) &hellip;<\/p>\n<p class=\"read-more\"> <a class=\"\" href=\"https:\/\/arhiva.primariaceahlau.ro\/?page_id=1753\"> <span class=\"screen-reader-text\">S.V.S.U.<\/span> Read More &raquo;<\/a><\/p>\n","protected":false},"author":4,"featured_media":0,"parent":0,"menu_order":0,"comment_status":"closed","ping_status":"closed","template":"svsu.php","meta":{"site-sidebar-layout":"no-sidebar","site-content-layout":"page-builder","ast-site-content-layout":"default","site-content-style":"default","site-sidebar-style":"default","ast-global-header-display":"","ast-banner-title-visibility":"","ast-main-header-display":"","ast-hfb-above-header-display":"","ast-hfb-below-header-display":"","ast-hfb-mobile-header-display":"","site-post-title":"disabled","ast-breadcrumbs-content":"","ast-featured-img":"disabled","footer-sml-layout":"","theme-transparent-header-meta":"","adv-header-id-meta":"","stick-header-meta":"","header-above-stick-meta":"","header-main-stick-meta":"","header-below-stick-meta":"","astra-migrate-meta-layouts":"set","footnotes":""},"class_list":["post-1753","page","type-page","status-publish","hentry"],"_links":{"self":[{"href":"https:\/\/arhiva.primariaceahlau.ro\/index.php?rest_route=\/wp\/v2\/pages\/1753","targetHints":{"allow":["GET"]}}],"collection":[{"href":"https:\/\/arhiva.primariaceahlau.ro\/index.php?rest_route=\/wp\/v2\/pages"}],"about":[{"href":"https:\/\/arhiva.primariaceahlau.ro\/index.php?rest_route=\/wp\/v2\/types\/page"}],"author":[{"embeddable":true,"href":"https:\/\/arhiva.primariaceahlau.ro\/index.php?rest_route=\/wp\/v2\/users\/4"}],"replies":[{"embeddable":true,"href":"https:\/\/arhiva.primariaceahlau.ro\/index.php?rest_route=%2Fwp%2Fv2%2Fcomments&post=1753"}],"version-history":[{"count":10,"href":"https:\/\/arhiva.primariaceahlau.ro\/index.php?rest_route=\/wp\/v2\/pages\/1753\/revisions"}],"predecessor-version":[{"id":1763,"href":"https:\/\/arhiva.primariaceahlau.ro\/index.php?rest_route=\/wp\/v2\/pages\/1753\/revisions\/1763"}],"wp:attachment":[{"href":"https:\/\/arhiva.primariaceahlau.ro\/index.php?rest_route=%2Fwp%2Fv2%2Fmedia&parent=1753"}],"curies":[{"name":"wp","href":"https:\/\/api.w.org\/{rel}","templated":true}]}}