{"id":1737,"date":"2024-05-27T11:39:50","date_gmt":"2024-05-27T11:39:50","guid":{"rendered":"https:\/\/test.primariaceahlau.ro\/?page_id=1737"},"modified":"2024-05-27T12:20:30","modified_gmt":"2024-05-27T12:20:30","slug":"registrul-agricol","status":"publish","type":"page","link":"https:\/\/arhiva.primariaceahlau.ro\/?page_id=1737","title":{"rendered":"Registrul agricol"},"content":{"rendered":"\t\t<div data-elementor-type=\"wp-page\" data-elementor-id=\"1737\" class=\"elementor elementor-1737\">\n\t\t\t\t\t\t<section class=\"elementor-section elementor-top-section elementor-element elementor-element-e9ecdd5 elementor-section-boxed elementor-section-height-default elementor-section-height-default\" data-id=\"e9ecdd5\" data-element_type=\"section\">\n\t\t\t\t\t\t<div class=\"elementor-container elementor-column-gap-default\">\n\t\t\t\t\t<div class=\"elementor-column elementor-col-100 elementor-top-column elementor-element elementor-element-ceb622d\" data-id=\"ceb622d\" data-element_type=\"column\">\n\t\t\t<div class=\"elementor-widget-wrap elementor-element-populated\">\n\t\t\t\t\t\t<div class=\"elementor-element elementor-element-2d99441 elementor-widget elementor-widget-heading\" data-id=\"2d99441\" data-element_type=\"widget\" data-widget_type=\"heading.default\">\n\t\t\t\t<div class=\"elementor-widget-container\">\n\t\t\t\t\t<h3 class=\"elementor-heading-title elementor-size-default\">Registrul agricol<\/h3>\t\t\t\t<\/div>\n\t\t\t\t<\/div>\n\t\t\t\t<div class=\"elementor-element elementor-element-6023eb0 elementor-widget-divider--view-line elementor-widget elementor-widget-divider\" data-id=\"6023eb0\" data-element_type=\"widget\" data-widget_type=\"divider.default\">\n\t\t\t\t<div class=\"elementor-widget-container\">\n\t\t\t\t\t\t\t<div class=\"elementor-divider\">\n\t\t\t<span class=\"elementor-divider-separator\">\n\t\t\t\t\t\t<\/span>\n\t\t<\/div>\n\t\t\t\t\t\t<\/div>\n\t\t\t\t<\/div>\n\t\t\t\t<div class=\"elementor-element elementor-element-e454d55 elementor-widget elementor-widget-text-editor\" data-id=\"e454d55\" data-element_type=\"widget\" data-widget_type=\"text-editor.default\">\n\t\t\t\t<div class=\"elementor-widget-container\">\n\t\t\t\t\t\t\t\t\t<h4>Responsabil departament:<\/h4><h4 style=\"padding-left: 120px;\">\u00a0AIONESEI IULIANA<\/h4>\t\t\t\t\t\t\t\t<\/div>\n\t\t\t\t<\/div>\n\t\t\t\t<div class=\"elementor-element elementor-element-7f6c13f elementor-widget-divider--view-line elementor-widget elementor-widget-divider\" data-id=\"7f6c13f\" data-element_type=\"widget\" data-widget_type=\"divider.default\">\n\t\t\t\t<div class=\"elementor-widget-container\">\n\t\t\t\t\t\t\t<div class=\"elementor-divider\">\n\t\t\t<span class=\"elementor-divider-separator\">\n\t\t\t\t\t\t<\/span>\n\t\t<\/div>\n\t\t\t\t\t\t<\/div>\n\t\t\t\t<\/div>\n\t\t\t\t\t<\/div>\n\t\t<\/div>\n\t\t\t\t\t<\/div>\n\t\t<\/section>\n\t\t\t\t<section class=\"elementor-section elementor-top-section elementor-element elementor-element-9caf771 elementor-section-boxed elementor-section-height-default elementor-section-height-default\" data-id=\"9caf771\" data-element_type=\"section\">\n\t\t\t\t\t\t<div class=\"elementor-container elementor-column-gap-default\">\n\t\t\t\t\t<div class=\"elementor-column elementor-col-100 elementor-top-column elementor-element elementor-element-94ea2ec\" data-id=\"94ea2ec\" data-element_type=\"column\">\n\t\t\t<div class=\"elementor-widget-wrap elementor-element-populated\">\n\t\t\t\t\t\t<div class=\"elementor-element elementor-element-69c4e0c elementor-widget elementor-widget-heading\" data-id=\"69c4e0c\" data-element_type=\"widget\" data-widget_type=\"heading.default\">\n\t\t\t\t<div class=\"elementor-widget-container\">\n\t\t\t\t\t<h4 class=\"elementor-heading-title elementor-size-default\">Atribu\u021bii<\/h4>\t\t\t\t<\/div>\n\t\t\t\t<\/div>\n\t\t\t\t<div class=\"elementor-element elementor-element-cb63226 elementor-widget-divider--view-line elementor-widget elementor-widget-divider\" data-id=\"cb63226\" data-element_type=\"widget\" data-widget_type=\"divider.default\">\n\t\t\t\t<div class=\"elementor-widget-container\">\n\t\t\t\t\t\t\t<div class=\"elementor-divider\">\n\t\t\t<span class=\"elementor-divider-separator\">\n\t\t\t\t\t\t<\/span>\n\t\t<\/div>\n\t\t\t\t\t\t<\/div>\n\t\t\t\t<\/div>\n\t\t\t\t\t<\/div>\n\t\t<\/div>\n\t\t\t\t\t<\/div>\n\t\t<\/section>\n\t\t\t\t<section class=\"elementor-section elementor-top-section elementor-element elementor-element-0b27811 elementor-section-boxed elementor-section-height-default elementor-section-height-default\" data-id=\"0b27811\" data-element_type=\"section\">\n\t\t\t\t\t\t<div class=\"elementor-container elementor-column-gap-default\">\n\t\t\t\t\t<div class=\"elementor-column elementor-col-50 elementor-top-column elementor-element elementor-element-e988bf5\" data-id=\"e988bf5\" data-element_type=\"column\">\n\t\t\t<div class=\"elementor-widget-wrap elementor-element-populated\">\n\t\t\t\t\t\t<div class=\"elementor-element elementor-element-050d2fc elementor-widget elementor-widget-text-editor\" data-id=\"050d2fc\" data-element_type=\"widget\" data-widget_type=\"text-editor.default\">\n\t\t\t\t<div class=\"elementor-widget-container\">\n\t\t\t\t\t\t\t\t\t<ul><li>\u00centocmirea \u0219i tinerea la zi a Registrului agricol, pe suport de h\u0103rtie si in format electronic prin organizarea, completarea, controlul \u0219i centralizarea datelor conform formularelor registrului agricol aprobate prin hot\u0103r\u0103re a guvernului, in scopul asigur\u0103rii unei evidente unitare cu privire la categoriile de folosint\u0103 a terenurilor, a mijloacelor de produc\u021bie agricol\u0103 si a efectivelor de animale, in baza dispozi\u021biei primarului<\/li><li>Deschiderea de noi pozitii in registrul agricol la solicitarea proprietarilor de terenuri sau detin\u0103torilor de animale<\/li><li>\u00a0\u021ainerea evidentei certificatelor de produc\u0103tor intr-un registru special<\/li><li>\u00a0Completarea certificatului de produc\u0103tor cu nominalizarea a acelor produse care au fost identificate ca existente in procesul verbal<\/li><li>\u00a0Completarea certificatului de produc\u0103tor cu nominalizarea a acelor produse care au fost identificate ca existente in procesul verbal<\/li><li>Eliberarea adeverintelor privind dovada propriet\u0103fii terenurilor(autor, mostenitor) in cazul pierderii titlurilor de proprietate pentru publicarea in monitorul oficial<\/li><li>Aduc la cunostint\u0103 obligatiile persoanelor fizice gi juridice privind declararea datelor pentru inscrierea in registrul agricol si termenul la care se fac<\/li><li>Intocmeste raportul lunar privind indeplinirea atribut\u00fci si responsabilit\u0103ti<\/li><li>Colaboreaz\u0103 la promovarea proiectelor privind organizarea p\u0103\u0219unatului pe raza teritoriului si a oric\u0103ror alte proiecte de hot\u0103r\u0103re privind punerea in aplicare a actelor normative emise de parlament si de guvern sau pentru imbun\u0103t\u0103tirea activit\u0103filor pe care le desf\u0103\u0219oar\u0103<\/li><li>Sprijin\u0103 activitatea de identificare si clarificare a situafiei juridice a terenurilor proprietate public\u0103 sau privat\u0103 a Consiliului Local<\/li><\/ul>\t\t\t\t\t\t\t\t<\/div>\n\t\t\t\t<\/div>\n\t\t\t\t\t<\/div>\n\t\t<\/div>\n\t\t\t\t<div class=\"elementor-column elementor-col-50 elementor-top-column elementor-element elementor-element-3a9421a\" data-id=\"3a9421a\" data-element_type=\"column\">\n\t\t\t<div class=\"elementor-widget-wrap elementor-element-populated\">\n\t\t\t\t\t\t<div class=\"elementor-element elementor-element-14c35a5 elementor-widget elementor-widget-text-editor\" data-id=\"14c35a5\" data-element_type=\"widget\" data-widget_type=\"text-editor.default\">\n\t\t\t\t<div class=\"elementor-widget-container\">\n\t\t\t\t\t\t\t\t\t<ul><li>Solutioneaz\u0103 cereri \u0219i reclamatii cu privire la p\u0103sunile din raza teritorial\u0103<\/li><li>Eliberarea adeverintelor care cuprind date declarate in Registrul agricol pentru: spitalizare, somaj, ajutor social, dosare persoane cu handicap, burse scolare, spafiu, deducere, pentru subvenfii si ob\u021binerea de credite bancare<\/li><li>Operarea modific\u0103rilor in registru agricol survenite ca urmare a v\u0103nz\u0103rilor &#8211; cump\u0103r\u0103rilor, mosteniri, donafii etc. dovedite prin acte Incheiate in form\u0103 autentic\u0103<\/li><li>Intocmirea procesului verbal, trimestrial, privind produsele, productiile estimate si cantit\u0103tile destinate comercializ\u0103rii<\/li><li>Afisarea intr-un tabel nominal aa titularilor certificatelor de produc\u0103tor, pentru asigurarea publ\u0131c\u0131tafi necesare conform legii<\/li><li>Evidentierea titlurilor de proprietate in registrul unic si eliberarea acestora persoanelor indrept\u0103tite<\/li><li>Colaborarea la intocmirea documentafiei privind atribuirea in proprietate a terenului aferent casei de locuit si anexelor gospod\u0103resti (ordinul prefectului)<\/li><li>\u00a0Verificarea si inregistrarea contractelor de arendare in registrul special<\/li><li>\u00a0Intocmeste raport anual privind indeplinirea de atributii si responsabilit\u0103ti<\/li><li>\u021aine evidenta p\u0103\u0219unilor din domeniul privat<\/li><li>Intocmeste si tine evidenta privind lucr\u0103rile de imbun\u0103t\u0103tire a p\u0103sunilor din raza teritorial\u0103<\/li><li>Asigur\u0103 si particip\u0103 efectiv la aplicarea prevederilor legii fondului funciar, ia m\u0103suri pentru evidenta, ap\u0103rarea, conservarea si folosirea ra\u021bional\u0103 a terenurilor agricole apar\u021bin\u0103nd administratiei consiliilor locale<\/li><li>Vanzarea terenurilor din extravilan.<\/li><\/ul>\t\t\t\t\t\t\t\t<\/div>\n\t\t\t\t<\/div>\n\t\t\t\t\t<\/div>\n\t\t<\/div>\n\t\t\t\t\t<\/div>\n\t\t<\/section>\n\t\t\t\t<\/div>\n\t\t","protected":false},"excerpt":{"rendered":"<p>Registrul agricol Responsabil departament: \u00a0AIONESEI IULIANA Atribu\u021bii \u00centocmirea \u0219i tinerea la zi a Registrului agricol, pe suport de h\u0103rtie si in format electronic prin organizarea, completarea, controlul \u0219i centralizarea datelor conform formularelor registrului agricol aprobate prin hot\u0103r\u0103re a guvernului, in scopul asigur\u0103rii unei evidente unitare cu privire la categoriile de folosint\u0103 a terenurilor, a mijloacelor &hellip;<\/p>\n<p class=\"read-more\"> <a class=\"\" href=\"https:\/\/arhiva.primariaceahlau.ro\/?page_id=1737\"> <span class=\"screen-reader-text\">Registrul agricol<\/span> Read More &raquo;<\/a><\/p>\n","protected":false},"author":4,"featured_media":0,"parent":0,"menu_order":0,"comment_status":"closed","ping_status":"closed","template":"registru-agricol.php","meta":{"site-sidebar-layout":"no-sidebar","site-content-layout":"page-builder","ast-site-content-layout":"default","site-content-style":"default","site-sidebar-style":"default","ast-global-header-display":"","ast-banner-title-visibility":"","ast-main-header-display":"","ast-hfb-above-header-display":"","ast-hfb-below-header-display":"","ast-hfb-mobile-header-display":"","site-post-title":"disabled","ast-breadcrumbs-content":"","ast-featured-img":"disabled","footer-sml-layout":"","theme-transparent-header-meta":"","adv-header-id-meta":"","stick-header-meta":"","header-above-stick-meta":"","header-main-stick-meta":"","header-below-stick-meta":"","astra-migrate-meta-layouts":"set","footnotes":""},"class_list":["post-1737","page","type-page","status-publish","hentry"],"_links":{"self":[{"href":"https:\/\/arhiva.primariaceahlau.ro\/index.php?rest_route=\/wp\/v2\/pages\/1737","targetHints":{"allow":["GET"]}}],"collection":[{"href":"https:\/\/arhiva.primariaceahlau.ro\/index.php?rest_route=\/wp\/v2\/pages"}],"about":[{"href":"https:\/\/arhiva.primariaceahlau.ro\/index.php?rest_route=\/wp\/v2\/types\/page"}],"author":[{"embeddable":true,"href":"https:\/\/arhiva.primariaceahlau.ro\/index.php?rest_route=\/wp\/v2\/users\/4"}],"replies":[{"embeddable":true,"href":"https:\/\/arhiva.primariaceahlau.ro\/index.php?rest_route=%2Fwp%2Fv2%2Fcomments&post=1737"}],"version-history":[{"count":10,"href":"https:\/\/arhiva.primariaceahlau.ro\/index.php?rest_route=\/wp\/v2\/pages\/1737\/revisions"}],"predecessor-version":[{"id":1752,"href":"https:\/\/arhiva.primariaceahlau.ro\/index.php?rest_route=\/wp\/v2\/pages\/1737\/revisions\/1752"}],"wp:attachment":[{"href":"https:\/\/arhiva.primariaceahlau.ro\/index.php?rest_route=%2Fwp%2Fv2%2Fmedia&parent=1737"}],"curies":[{"name":"wp","href":"https:\/\/api.w.org\/{rel}","templated":true}]}}