{"id":1699,"date":"2024-05-27T05:51:19","date_gmt":"2024-05-27T05:51:19","guid":{"rendered":"https:\/\/test.primariaceahlau.ro\/?page_id=1699"},"modified":"2024-05-27T06:00:54","modified_gmt":"2024-05-27T06:00:54","slug":"resurse-umane","status":"publish","type":"page","link":"https:\/\/arhiva.primariaceahlau.ro\/?page_id=1699","title":{"rendered":"Resurse umane"},"content":{"rendered":"\t\t<div data-elementor-type=\"wp-page\" data-elementor-id=\"1699\" class=\"elementor elementor-1699\">\n\t\t\t\t\t\t<section class=\"elementor-section elementor-top-section elementor-element elementor-element-b0b0482 elementor-section-boxed elementor-section-height-default elementor-section-height-default\" data-id=\"b0b0482\" data-element_type=\"section\">\n\t\t\t\t\t\t<div class=\"elementor-container elementor-column-gap-default\">\n\t\t\t\t\t<div class=\"elementor-column elementor-col-100 elementor-top-column elementor-element elementor-element-aab92d4\" data-id=\"aab92d4\" data-element_type=\"column\">\n\t\t\t<div class=\"elementor-widget-wrap elementor-element-populated\">\n\t\t\t\t\t\t<div class=\"elementor-element elementor-element-43b9d8b elementor-widget elementor-widget-heading\" data-id=\"43b9d8b\" data-element_type=\"widget\" data-widget_type=\"heading.default\">\n\t\t\t\t<div class=\"elementor-widget-container\">\n\t\t\t\t\t<h3 class=\"elementor-heading-title elementor-size-default\">Resurse umane<\/h3>\t\t\t\t<\/div>\n\t\t\t\t<\/div>\n\t\t\t\t<div class=\"elementor-element elementor-element-35636db elementor-widget-divider--view-line elementor-widget elementor-widget-divider\" data-id=\"35636db\" data-element_type=\"widget\" data-widget_type=\"divider.default\">\n\t\t\t\t<div class=\"elementor-widget-container\">\n\t\t\t\t\t\t\t<div class=\"elementor-divider\">\n\t\t\t<span class=\"elementor-divider-separator\">\n\t\t\t\t\t\t<\/span>\n\t\t<\/div>\n\t\t\t\t\t\t<\/div>\n\t\t\t\t<\/div>\n\t\t\t\t<div class=\"elementor-element elementor-element-fcf8a51 elementor-widget elementor-widget-text-editor\" data-id=\"fcf8a51\" data-element_type=\"widget\" data-widget_type=\"text-editor.default\">\n\t\t\t\t<div class=\"elementor-widget-container\">\n\t\t\t\t\t\t\t\t\t<h4>Responsabil departament:<\/h4><h4 style=\"padding-left: 120px;\">CRE\u021aU GHEORGHE<\/h4>\t\t\t\t\t\t\t\t<\/div>\n\t\t\t\t<\/div>\n\t\t\t\t<div class=\"elementor-element elementor-element-a961e8c elementor-widget-divider--view-line elementor-widget elementor-widget-divider\" data-id=\"a961e8c\" data-element_type=\"widget\" data-widget_type=\"divider.default\">\n\t\t\t\t<div class=\"elementor-widget-container\">\n\t\t\t\t\t\t\t<div class=\"elementor-divider\">\n\t\t\t<span class=\"elementor-divider-separator\">\n\t\t\t\t\t\t<\/span>\n\t\t<\/div>\n\t\t\t\t\t\t<\/div>\n\t\t\t\t<\/div>\n\t\t\t\t\t<\/div>\n\t\t<\/div>\n\t\t\t\t\t<\/div>\n\t\t<\/section>\n\t\t\t\t<section class=\"elementor-section elementor-top-section elementor-element elementor-element-c658d1e elementor-section-boxed elementor-section-height-default elementor-section-height-default\" data-id=\"c658d1e\" data-element_type=\"section\">\n\t\t\t\t\t\t<div class=\"elementor-container elementor-column-gap-default\">\n\t\t\t\t\t<div class=\"elementor-column elementor-col-100 elementor-top-column elementor-element elementor-element-3a2bae9\" data-id=\"3a2bae9\" data-element_type=\"column\">\n\t\t\t<div class=\"elementor-widget-wrap elementor-element-populated\">\n\t\t\t\t\t\t<div class=\"elementor-element elementor-element-0d3777e elementor-widget elementor-widget-heading\" data-id=\"0d3777e\" data-element_type=\"widget\" data-widget_type=\"heading.default\">\n\t\t\t\t<div class=\"elementor-widget-container\">\n\t\t\t\t\t<h4 class=\"elementor-heading-title elementor-size-default\">Atribu\u021bii<\/h4>\t\t\t\t<\/div>\n\t\t\t\t<\/div>\n\t\t\t\t<div class=\"elementor-element elementor-element-d36267c elementor-widget-divider--view-line elementor-widget elementor-widget-divider\" data-id=\"d36267c\" data-element_type=\"widget\" data-widget_type=\"divider.default\">\n\t\t\t\t<div class=\"elementor-widget-container\">\n\t\t\t\t\t\t\t<div class=\"elementor-divider\">\n\t\t\t<span class=\"elementor-divider-separator\">\n\t\t\t\t\t\t<\/span>\n\t\t<\/div>\n\t\t\t\t\t\t<\/div>\n\t\t\t\t<\/div>\n\t\t\t\t\t<\/div>\n\t\t<\/div>\n\t\t\t\t\t<\/div>\n\t\t<\/section>\n\t\t\t\t<section class=\"elementor-section elementor-top-section elementor-element elementor-element-bca01b9 elementor-section-boxed elementor-section-height-default elementor-section-height-default\" data-id=\"bca01b9\" data-element_type=\"section\">\n\t\t\t\t\t\t<div class=\"elementor-container elementor-column-gap-default\">\n\t\t\t\t\t<div class=\"elementor-column elementor-col-50 elementor-top-column elementor-element elementor-element-9efefde\" data-id=\"9efefde\" data-element_type=\"column\">\n\t\t\t<div class=\"elementor-widget-wrap elementor-element-populated\">\n\t\t\t\t\t\t<div class=\"elementor-element elementor-element-09d00c5 elementor-widget elementor-widget-text-editor\" data-id=\"09d00c5\" data-element_type=\"widget\" data-widget_type=\"text-editor.default\">\n\t\t\t\t<div class=\"elementor-widget-container\">\n\t\t\t\t\t\t\t\t\t<ul><li>Operare \u00een Monitorul Oficial Local al comunei Ceahl\u0103u<\/li><li><div><div>Completarea si transmiterea informatiilor privind respectarea normelor de conduit\u0103 de c\u0103tre functionarii publici c\u0103t si dovada implement\u0103rii lor<\/div><\/div><\/li><li><div><div>Semnalarea neregularit\u0103tilor<\/div><\/div><\/li><li><div><div>Managementul conflictelor de munca<\/div><\/div><\/li><li><div><div>Competenta, constientizarea si instruirea personalului<\/div><\/div><\/li><li><div><div>Elaborarea statului de functii<\/div><\/div><\/li><li><div><div>Efectueaz\u0103 lucr\u0103ri privind incheierea, modificarea, suspendarea \u0219i incetarea raportului de serviciu,<\/div><\/div><\/li><\/ul><div>\u00a0<\/div>\t\t\t\t\t\t\t\t<\/div>\n\t\t\t\t<\/div>\n\t\t\t\t\t<\/div>\n\t\t<\/div>\n\t\t\t\t<div class=\"elementor-column elementor-col-50 elementor-top-column elementor-element elementor-element-9b2a0c1\" data-id=\"9b2a0c1\" data-element_type=\"column\">\n\t\t\t<div class=\"elementor-widget-wrap elementor-element-populated\">\n\t\t\t\t\t\t<div class=\"elementor-element elementor-element-c9ddc0b elementor-widget elementor-widget-text-editor\" data-id=\"c9ddc0b\" data-element_type=\"widget\" data-widget_type=\"text-editor.default\">\n\t\t\t\t<div class=\"elementor-widget-container\">\n\t\t\t\t\t\t\t\t\t<ul><li><div><div>Gestioneaz\u0103 contractele de munc\u0103, prin intocmirea corect\u0103 si la timp a tuturor contractelor individuale de munc\u0103<\/div><\/div><\/li><li><div><div>Intocmeste planul de perfectionare al angajatilor<\/div><\/div><\/li><li><div><div>Completeaz\u0103 condica de prezent\u0103<\/div><\/div><\/li><li><div><div>Intocmeste si actualizeaz\u0103 Registrul de evidenta al salariafilor si Registrul de evident\u0103 al func\u021bionarilor publici,<\/div><\/div><\/li><li><div><div>Actualizeaz\u0103 fisele de post al angajatilor<\/div><\/div><\/li><li><div><div>Duce la indeplinire alte atribu\u021bii stabilite de c\u0103tre primarul comunei<\/div><\/div><\/li><li>\u00a0Intocmeste, gestioneaz\u0103 si r\u0103spunde de dosarele profesionale ale functionarilor publici precum si dosarele personale ale personalului contractual<\/li><\/ul>\t\t\t\t\t\t\t\t<\/div>\n\t\t\t\t<\/div>\n\t\t\t\t\t<\/div>\n\t\t<\/div>\n\t\t\t\t\t<\/div>\n\t\t<\/section>\n\t\t\t\t<\/div>\n\t\t","protected":false},"excerpt":{"rendered":"<p>Resurse umane Responsabil departament: CRE\u021aU GHEORGHE Atribu\u021bii Operare \u00een Monitorul Oficial Local al comunei Ceahl\u0103u Completarea si transmiterea informatiilor privind respectarea normelor de conduit\u0103 de c\u0103tre functionarii publici c\u0103t si dovada implement\u0103rii lor Semnalarea neregularit\u0103tilor Managementul conflictelor de munca Competenta, constientizarea si instruirea personalului Elaborarea statului de functii Efectueaz\u0103 lucr\u0103ri privind incheierea, modificarea, suspendarea \u0219i &hellip;<\/p>\n<p class=\"read-more\"> <a class=\"\" href=\"https:\/\/arhiva.primariaceahlau.ro\/?page_id=1699\"> <span class=\"screen-reader-text\">Resurse umane<\/span> Read More &raquo;<\/a><\/p>\n","protected":false},"author":4,"featured_media":0,"parent":0,"menu_order":0,"comment_status":"closed","ping_status":"closed","template":"","meta":{"site-sidebar-layout":"no-sidebar","site-content-layout":"page-builder","ast-site-content-layout":"default","site-content-style":"default","site-sidebar-style":"default","ast-global-header-display":"","ast-banner-title-visibility":"","ast-main-header-display":"","ast-hfb-above-header-display":"","ast-hfb-below-header-display":"","ast-hfb-mobile-header-display":"","site-post-title":"disabled","ast-breadcrumbs-content":"","ast-featured-img":"disabled","footer-sml-layout":"","theme-transparent-header-meta":"","adv-header-id-meta":"","stick-header-meta":"","header-above-stick-meta":"","header-main-stick-meta":"","header-below-stick-meta":"","astra-migrate-meta-layouts":"set","footnotes":""},"class_list":["post-1699","page","type-page","status-publish","hentry"],"_links":{"self":[{"href":"https:\/\/arhiva.primariaceahlau.ro\/index.php?rest_route=\/wp\/v2\/pages\/1699","targetHints":{"allow":["GET"]}}],"collection":[{"href":"https:\/\/arhiva.primariaceahlau.ro\/index.php?rest_route=\/wp\/v2\/pages"}],"about":[{"href":"https:\/\/arhiva.primariaceahlau.ro\/index.php?rest_route=\/wp\/v2\/types\/page"}],"author":[{"embeddable":true,"href":"https:\/\/arhiva.primariaceahlau.ro\/index.php?rest_route=\/wp\/v2\/users\/4"}],"replies":[{"embeddable":true,"href":"https:\/\/arhiva.primariaceahlau.ro\/index.php?rest_route=%2Fwp%2Fv2%2Fcomments&post=1699"}],"version-history":[{"count":4,"href":"https:\/\/arhiva.primariaceahlau.ro\/index.php?rest_route=\/wp\/v2\/pages\/1699\/revisions"}],"predecessor-version":[{"id":1705,"href":"https:\/\/arhiva.primariaceahlau.ro\/index.php?rest_route=\/wp\/v2\/pages\/1699\/revisions\/1705"}],"wp:attachment":[{"href":"https:\/\/arhiva.primariaceahlau.ro\/index.php?rest_route=%2Fwp%2Fv2%2Fmedia&parent=1699"}],"curies":[{"name":"wp","href":"https:\/\/api.w.org\/{rel}","templated":true}]}}